{"version":"1.0","provider_name":"nehogym\u00e1r","provider_url":"https:\/\/nehogymar.cafeblog.hu","author_name":"Nemlajos","author_url":"https:\/\/nehogymar.cafeblog.hu\/author\/nemlajo\/","title":"Tr\u00e1t\u00e1t\u00e1\u00e1\u00e1\u00e1\u00e1\u00e1\u00e1\u00e1m!","html":"<p style=\"text-align: justify\"><span><span><span><span>Jelentem, a tegnap \u00e9jszaka a k\u00f6vetkez\u0151k\u00e9ppen n\u00e9zett ki: 21.00 - elalv\u00e1s, 05.15 \u00e9bred\u00e9s, \u00e9s k\u00f6zben SEMMI, csak k\u00e9t alig hallhat\u00f3 nyikk!&nbsp;:)<\/span><\/span><\/span><\/span><\/p><p style=\"text-align: justify\"><span><span><span><span>Az \u00f6r\u00f6m\u00f6m kicsit elhom\u00e1lyos\u00edtja az a t\u00e9ny, hogy a tegnapi napot v\u00e9gigh\u00e1nytam, m\u00e9g a v\u00edz sem \u00e1llt meg bennem (nem terhess\u00e9g, v\u00edrus), \u00e9jjel \u00f3r\u00e1nk\u00e9nt \u00e9bredtem, forgol\u00f3dtam, k\u00ednl\u00f3dtam, D\u00f6me is l\u00e1zas volt d\u00e9lel\u0151tt, ma is el\u00e9g \u00e9tv\u00e1gytalan, sz\u00f3val nem m\u0171k\u00f6d\u00fcnk 100%-osan...<\/span><\/span><\/span><\/span><\/p>","type":"rich"}

nehogymár

Trátátáááááááám!

<p style="text-align: justify"><span><span><span><span>Jelentem, a tegnap éjszaka a következőképpen nézett ki: 21.00 - elalvás, 05.15 ébredés, és közben SEMMI, csak két alig hallható nyikk!&nbsp;:)</span></span></span></span></p><p style="text-align: justify"><span><span><span><span>Az örömöm kicsit elhomályosítja az a tény, hogy a tegnapi napot végighánytam, még a víz sem állt meg bennem (nem terhesség, vírus), éjjel óránként ébredtem, forgolódtam, kínlódtam, Döme is lázas volt délelőtt, ma is elég étvágytalan, szóval nem működünk 100%-osan...</span></span></span></span></p>
